{"id":32142,"date":"2021-11-22T15:57:19","date_gmt":"2021-11-22T14:57:19","guid":{"rendered":"https:\/\/irema.servidorbilnea.com\/?page_id=32142"},"modified":"2026-01-30T10:58:36","modified_gmt":"2026-01-30T09:58:36","slug":"politica-sulla-privacy","status":"publish","type":"page","link":"https:\/\/www.irema.org\/it\/politica-sulla-privacy\/","title":{"rendered":"Informativa sulla privacy"},"content":{"rendered":"<h1 style=\"text-align: center;\">INFORMATIVA SULLA PRIVACY<\/h1>\n<p data-path-to-node=\"2\">La presente informativa sulla privacy \u00e8 conforme al Regolamento (UE) 2016\/679 del Parlamento Europeo e del Consiglio, del 27 aprile 2016, relativo alla protezione delle persone fisiche con riguardo al trattamento dei dati personali e alla libera circolazione di tali dati (GDPR), alla Legge Organica 3\/2018, del 5 dicembre, sulla Protezione dei Dati Personali e garanzia dei diritti digitali (LOPDGDD), nonch\u00e9, per quanto non in contrasto con la normativa indicata, alla Legge Organica 15\/1999 sulla Protezione dei Dati di Carattere Personale (LOPD) e al suo regolamento di attuazione, e\/o a quelle che potrebbero sostituirle o aggiornarle in futuro.<\/p>\n<p data-path-to-node=\"3\">La nostra organizzazione \u00e8 impegnata nella riservatezza dei suoi dati personali. I dati personali forniti sono necessari per prestare i nostri servizi e sono trattati in modo lecito, corretto e trasparente, garantendo un&#8217;adeguata sicurezza degli stessi, compresa la protezione contro il trattamento non autorizzato o illecito e contro la perdita, la distruzione o il danno accidentale mediante l&#8217;applicazione di misure tecniche e organizzative.<\/p>\n<p data-path-to-node=\"4\">Attraverso il presente documento desideriamo offrirle in modo trasparente e leale tutte le informazioni necessarie relative al trattamento dei suoi dati personali effettuato da questa organizzazione.<\/p>\n<h3 data-path-to-node=\"6\">I.- TITOLARE DEL TRATTAMENTO<\/h3>\n<p style=\"padding-left: 40px;\" data-path-to-node=\"7\"><b data-path-to-node=\"7\" data-index-in-node=\"0\">IDENTIT\u00c0:<\/b> INSTITUTO DE REPRODUCCION DE LA MARINA ALTA, S.L.<\/p>\n<p style=\"padding-left: 40px;\" data-path-to-node=\"8\"><b data-path-to-node=\"8\" data-index-in-node=\"0\">C.I.F. \/ N.I.F.:<\/b> B53951745<\/p>\n<p style=\"padding-left: 40px;\" data-path-to-node=\"9\"><b data-path-to-node=\"9\" data-index-in-node=\"0\">DOMICILIO:<\/b> AVDA. DOCTOR FLEMING, 47, 03760 ONDARA (ALICANTE)<\/p>\n<p style=\"padding-left: 40px;\" data-path-to-node=\"10\"><b data-path-to-node=\"10\" data-index-in-node=\"0\">TELEFONO:<\/b> 966477265<\/p>\n<p style=\"padding-left: 40px;\" data-path-to-node=\"11\"><b data-path-to-node=\"11\" data-index-in-node=\"0\">E-MAIL:<\/b> contactar@irema.org<\/p>\n<p style=\"padding-left: 40px;\" data-path-to-node=\"12\"><b data-path-to-node=\"12\" data-index-in-node=\"0\">RESPONSABILE DELLA PROTEZIONE DEI DATI:<\/b> dpo@procoden.es<\/p>\n<h3 data-path-to-node=\"13\">II.- DESTINATARI DEI DATI PERSONALI<\/h3>\n<p style=\"padding-left: 40px;\" data-path-to-node=\"14,0,0\">I dati personali forniti non saranno oggetto di alcuna cessione, salvo quanto previsto nei trattamenti specifici.<\/p>\n<p style=\"padding-left: 40px;\">Facoltativamente, per la contrattazione di servizi di cloud computing e\/o servizi per l&#8217;invio di e-mail, di comunicazione, nonch\u00e9 altri servizi informatici correlati, i dati personali potranno essere:<\/p>\n<p style=\"padding-left: 80px;\" data-path-to-node=\"14,1,1\">\u2013 Ceduti a societ\u00e0 di servizi informatici ubicate all&#8217;interno dello Spazio Economico Europeo (SEE) o,<\/p>\n<p style=\"padding-left: 80px;\" data-path-to-node=\"14,1,2\">\u2013 Trasferiti a societ\u00e0 di servizi informatici ubicate al di fuori dello SEE aderenti allo scudo di protezione Privacy Shield, pertanto dotate di misure di protezione adeguate per garantire la sicurezza dei dati personali. Pu\u00f2 ottenere maggiori informazioni visitando questo link: <a class=\"ng-star-inserted\" href=\"https:\/\/www.privacyshield.gov\/welcome\" target=\"_blank\" rel=\"noopener\">https:\/\/www.privacyshield.gov\/welcome<\/a><\/p>\n<p style=\"padding-left: 40px;\" data-path-to-node=\"14,1,2\">Facoltativamente, ad amministrazioni e altri organismi quando richiesto in adempimento di obblighi di legge.<\/p>\n<h3 data-path-to-node=\"15\">III.- BASE GIURIDICA CHE LEGITTIMA IL TRATTAMENTO DEI DATI PERSONALI<\/h3>\n<p style=\"padding-left: 40px;\" data-path-to-node=\"16\">In ogni specifico trattamento di dati personali la informeremo della base giuridica che lo legittima.<\/p>\n<h3 data-path-to-node=\"17\">IV.- DIRITTI<\/h3>\n<p style=\"padding-left: 40px;\" data-path-to-node=\"18\"><b data-path-to-node=\"18\" data-index-in-node=\"0\">DIRITTO DI ACCESSO<\/b> \u00c8 il diritto di ottenere dal titolare del trattamento la conferma che sia o meno in corso un trattamento di dati personali che lo riguardano e, in tal caso, il diritto di accesso ai dati personali e alle seguenti informazioni: le finalit\u00e0 del trattamento, le categorie di dati personali in questione, i destinatari o le categorie di destinatari a cui i dati personali sono stati o saranno comunicati, il periodo di conservazione o i criteri utilizzati per determinarlo, l&#8217;esistenza del diritto di richiedere al titolare la rettifica o la cancellazione dei dati o la limitazione del trattamento o di opporsi ad esso, il diritto di proporre reclamo all&#8217;Agenzia Spagnola per la Protezione dei Dati (AEPD), l&#8217;esistenza di processi decisionali automatizzati (compresa la profilazione) e, in caso di trasferimento a paesi terzi, il diritto di essere informato delle garanzie adeguate.<\/p>\n<p style=\"padding-left: 40px;\" data-path-to-node=\"19\"><b data-path-to-node=\"19\" data-index-in-node=\"0\">DIRITTO DI RETTIFICA<\/b> \u00c8 il diritto di richiedere la rettifica dei propri dati personali se inesatti, compreso il diritto di integrare i dati incompleti. Fornendoci i dati, garantisce che siano veritieri ed esatti e si impegna a notificare qualsiasi modifica. Qualsiasi danno causato dalla comunicazione di informazioni errate o incomplete nei moduli web sar\u00e0 di esclusiva responsabilit\u00e0 dell&#8217;interessato.<\/p>\n<p style=\"padding-left: 40px;\" data-path-to-node=\"20\"><b data-path-to-node=\"20\" data-index-in-node=\"0\">DIRITTO DI CANCELLAZIONE<\/b> \u00c8 il diritto di richiedere la cancellazione dei propri dati personali quando non sono pi\u00f9 necessari per le finalit\u00e0 per le quali sono stati raccolti, o se viene revocato il consenso. Non si proceder\u00e0 alla cancellazione quando il trattamento sia necessario per l&#8217;adempimento di obblighi di legge o per la difesa di reclami.<\/p>\n<p style=\"padding-left: 40px;\" data-path-to-node=\"21\"><b data-path-to-node=\"21\" data-index-in-node=\"0\">DIRITTO DI LIMITAZIONE<\/b> \u00c8 il diritto di richiedere la limitazione del trattamento dei dati, il che comporta la possibilit\u00e0 di chiederci di sospendere temporaneamente il trattamento o di conservarli oltre il tempo necessario qualora l&#8217;interessato ne abbia bisogno.<\/p>\n<p style=\"padding-left: 40px;\" data-path-to-node=\"22\"><b data-path-to-node=\"22\" data-index-in-node=\"0\">DIRITTO DI REVOCARE IL CONSENSO<\/b> \u00c8 il diritto di revocare in qualsiasi momento il consenso fornito selezionando &#8220;Ho letto e accetto l&#8217;informativa sulla privacy&#8221;. Questo non avr\u00e0 effetto se il trattamento \u00e8 necessario per obblighi legali, esecuzione di un contratto o difesa di reclami. La revoca non ha effetti retroattivi sulla liceit\u00e0 del trattamento precedente.<\/p>\n<p style=\"padding-left: 40px;\" data-path-to-node=\"23\"><b data-path-to-node=\"23\" data-index-in-node=\"0\">DIRITTO ALLA PORTABILIT\u00c0<\/b> \u00c8 il diritto di ricevere i dati forniti in un formato strutturato, di uso comune e leggibile da dispositivo automatico, e di trasmetterli a un altro titolare, purch\u00e9 il trattamento si basi sul consenso e sia effettuato con mezzi automatizzati.<\/p>\n<p style=\"padding-left: 40px;\" data-path-to-node=\"24\"><b data-path-to-node=\"24\" data-index-in-node=\"0\">DIRITTO DI OPPOSIZIONE<\/b> \u00c8 il diritto di opporsi al trattamento basato sul nostro legittimo interesse. Cesseremo il trattamento a meno che non si dimostrino motivi legittimi cogenti che prevalgono sugli interessi dell&#8217;interessato o per la difesa di reclami.<\/p>\n<p style=\"padding-left: 40px;\" data-path-to-node=\"25\"><b data-path-to-node=\"25\" data-index-in-node=\"0\">DIRITTO DI PROPORRE RECLAMO A UN&#8217;AUTORIT\u00c0 DI CONTROLLO<\/b> Se ritiene che i dati siano trattati in modo errato, pu\u00f2 contattarci o presentare un reclamo all&#8217;Agenzia Spagnola per la Protezione dei Dati (AEPD): <a class=\"ng-star-inserted\" href=\"https:\/\/www.agpd.es\/\" target=\"_blank\" rel=\"noopener\">https:\/\/www.agpd.es\/<\/a><\/p>\n<p style=\"padding-left: 40px;\" data-path-to-node=\"26\"><b data-path-to-node=\"26\" data-index-in-node=\"0\">ESERCIZIO DEI DIRITTI<\/b> Pu\u00f2 esercitare i suoi diritti tramite lettera all&#8217;indirizzo postale sopra indicato o via e-mail a contactar@irema.org, allegando copia del proprio NIF\/NIE\/Passaporto o documento analogo.<\/p>\n<h3 data-path-to-node=\"28\">V.- TRATTAMENTI DI DATI PERSONALI.<\/h3>\n<p style=\"padding-left: 40px;\" data-path-to-node=\"29\"><b data-path-to-node=\"29\" data-index-in-node=\"0\">DISPOSIZIONI GENERICHE<\/b> I dati richiesti sono adeguati, pertinenti e limitati a quanto necessario (minimizzazione dei dati). La mancata fornitura dei dati strettamente necessari comporter\u00e0 l&#8217;impossibilit\u00e0 di prestare il servizio. Le comunicazioni dei dati previste sono necessarie per l&#8217;esecuzione di un contratto o per obblighi di legge.<\/p>\n<p style=\"padding-left: 40px;\" data-path-to-node=\"30\"><b data-path-to-node=\"30\" data-index-in-node=\"0\">MODULO DI CONTATTO<\/b> I dati saranno trattati per gestire richieste di informazioni, suggerimenti e reclami.<\/p>\n<ul>\n<li style=\"list-style-type: none;\">\n<ul data-path-to-node=\"31\">\n<li>\n<p data-path-to-node=\"31,0,0\"><b data-path-to-node=\"31,0,0\" data-index-in-node=\"0\">Base legale:<\/b> Consenso espresso (&#8220;Ho letto e accetto l&#8217;informativa sulla privacy&#8221;).<\/p>\n<\/li>\n<li>\n<p data-path-to-node=\"31,1,0\"><b data-path-to-node=\"31,1,0\" data-index-in-node=\"0\">Conservazione:<\/b> Due anni dal termine del trattamento, salvo esercizio dei diritti.<\/p>\n<\/li>\n<\/ul>\n<\/li>\n<\/ul>\n<p style=\"padding-left: 40px;\" data-path-to-node=\"32\"><b data-path-to-node=\"32\" data-index-in-node=\"0\">MODULO CURRICULUM<\/b> I dati saranno trattati per gestire il processo di selezione aziendale.<\/p>\n<ul>\n<li style=\"list-style-type: none;\">\n<ul data-path-to-node=\"33\">\n<li>\n<p data-path-to-node=\"33,0,0\"><b data-path-to-node=\"33,0,0\" data-index-in-node=\"0\">Base legale:<\/b> Consenso espresso (&#8220;Ho letto e accetto l&#8217;informativa sulla privacy&#8221;).<\/p>\n<\/li>\n<li>\n<p data-path-to-node=\"33,1,0\"><b data-path-to-node=\"33,1,0\" data-index-in-node=\"0\">Conservazione:<\/b> Due anni dal termine del trattamento, salvo esercizio dei diritti.<\/p>\n<\/li>\n<\/ul>\n<\/li>\n<\/ul>\n","protected":false},"excerpt":{"rendered":"<p>INFORMATIVA SULLA PRIVACY La presente informativa sulla privacy \u00e8 conforme al Regolamento (UE) 2016\/679 del Parlamento Europeo e del Consiglio, del 27 aprile 2016, relativo alla protezione delle persone fisiche con riguardo al trattamento dei dati personali e alla libera circolazione di tali dati (GDPR), alla Legge Organica 3\/2018, del 5 dicembre, sulla Protezione dei [&hellip;]<\/p>\n","protected":false},"author":3,"featured_media":0,"parent":0,"menu_order":0,"comment_status":"closed","ping_status":"closed","template":"","meta":{"footnotes":""},"class_list":["post-32142","page","type-page","status-publish","hentry"],"_links":{"self":[{"href":"https:\/\/www.irema.org\/it\/wp-json\/wp\/v2\/pages\/32142","targetHints":{"allow":["GET"]}}],"collection":[{"href":"https:\/\/www.irema.org\/it\/wp-json\/wp\/v2\/pages"}],"about":[{"href":"https:\/\/www.irema.org\/it\/wp-json\/wp\/v2\/types\/page"}],"author":[{"embeddable":true,"href":"https:\/\/www.irema.org\/it\/wp-json\/wp\/v2\/users\/3"}],"replies":[{"embeddable":true,"href":"https:\/\/www.irema.org\/it\/wp-json\/wp\/v2\/comments?post=32142"}],"version-history":[{"count":8,"href":"https:\/\/www.irema.org\/it\/wp-json\/wp\/v2\/pages\/32142\/revisions"}],"predecessor-version":[{"id":48279,"href":"https:\/\/www.irema.org\/it\/wp-json\/wp\/v2\/pages\/32142\/revisions\/48279"}],"wp:attachment":[{"href":"https:\/\/www.irema.org\/it\/wp-json\/wp\/v2\/media?parent=32142"}],"curies":[{"name":"wp","href":"https:\/\/api.w.org\/{rel}","templated":true}]}}

<h1 style="text-align: center;">INFORMATIVA SULLA PRIVACY</h1>
<p data-path-to-node="2">La presente informativa sulla privacy è conforme al Regolamento (UE) 2016/679 del Parlamento Europeo e del Consiglio, del 27 aprile 2016, relativo alla protezione delle persone fisiche con riguardo al trattamento dei dati personali e alla libera circolazione di tali dati (GDPR), alla Legge Organica 3/2018, del 5 dicembre, sulla Protezione dei Dati Personali e garanzia dei diritti digitali (LOPDGDD), nonché, per quanto non in contrasto con la normativa indicata, alla Legge Organica 15/1999 sulla Protezione dei Dati di Carattere Personale (LOPD) e al suo regolamento di attuazione, e/o a quelle che potrebbero sostituirle o aggiornarle in futuro.</p>
<p data-path-to-node="3">La nostra organizzazione è impegnata nella riservatezza dei suoi dati personali. I dati personali forniti sono necessari per prestare i nostri servizi e sono trattati in modo lecito, corretto e trasparente, garantendo un&#8217;adeguata sicurezza degli stessi, compresa la protezione contro il trattamento non autorizzato o illecito e contro la perdita, la distruzione o il danno accidentale mediante l&#8217;applicazione di misure tecniche e organizzative.</p>
<p data-path-to-node="4">Attraverso il presente documento desideriamo offrirle in modo trasparente e leale tutte le informazioni necessarie relative al trattamento dei suoi dati personali effettuato da questa organizzazione.</p>
<h3 data-path-to-node="6">I.- TITOLARE DEL TRATTAMENTO</h3>
<p style="padding-left: 40px;" data-path-to-node="7"><b data-path-to-node="7" data-index-in-node="0">IDENTITÀ:</b> INSTITUTO DE REPRODUCCION DE LA MARINA ALTA, S.L.</p>
<p style="padding-left: 40px;" data-path-to-node="8"><b data-path-to-node="8" data-index-in-node="0">C.I.F. / N.I.F.:</b> B53951745</p>
<p style="padding-left: 40px;" data-path-to-node="9"><b data-path-to-node="9" data-index-in-node="0">DOMICILIO:</b> AVDA. DOCTOR FLEMING, 47, 03760 ONDARA (ALICANTE)</p>
<p style="padding-left: 40px;" data-path-to-node="10"><b data-path-to-node="10" data-index-in-node="0">TELEFONO:</b> 966477265</p>
<p style="padding-left: 40px;" data-path-to-node="11"><b data-path-to-node="11" data-index-in-node="0">E-MAIL:</b> contactar@irema.org</p>
<p style="padding-left: 40px;" data-path-to-node="12"><b data-path-to-node="12" data-index-in-node="0">RESPONSABILE DELLA PROTEZIONE DEI DATI:</b> dpo@procoden.es</p>
<h3 data-path-to-node="13">II.- DESTINATARI DEI DATI PERSONALI</h3>
<p style="padding-left: 40px;" data-path-to-node="14,0,0">I dati personali forniti non saranno oggetto di alcuna cessione, salvo quanto previsto nei trattamenti specifici.</p>
<p style="padding-left: 40px;">Facoltativamente, per la contrattazione di servizi di cloud computing e/o servizi per l&#8217;invio di e-mail, di comunicazione, nonché altri servizi informatici correlati, i dati personali potranno essere:</p>
<p style="padding-left: 80px;" data-path-to-node="14,1,1">– Ceduti a società di servizi informatici ubicate all&#8217;interno dello Spazio Economico Europeo (SEE) o,</p>
<p style="padding-left: 80px;" data-path-to-node="14,1,2">– Trasferiti a società di servizi informatici ubicate al di fuori dello SEE aderenti allo scudo di protezione Privacy Shield, pertanto dotate di misure di protezione adeguate per garantire la sicurezza dei dati personali. Può ottenere maggiori informazioni visitando questo link: <a class="ng-star-inserted" href="https://www.privacyshield.gov/welcome" target="_blank" rel="noopener">https://www.privacyshield.gov/welcome</a></p>
<p style="padding-left: 40px;" data-path-to-node="14,1,2">Facoltativamente, ad amministrazioni e altri organismi quando richiesto in adempimento di obblighi di legge.</p>
<h3 data-path-to-node="15">III.- BASE GIURIDICA CHE LEGITTIMA IL TRATTAMENTO DEI DATI PERSONALI</h3>
<p style="padding-left: 40px;" data-path-to-node="16">In ogni specifico trattamento di dati personali la informeremo della base giuridica che lo legittima.</p>
<h3 data-path-to-node="17">IV.- DIRITTI</h3>
<p style="padding-left: 40px;" data-path-to-node="18"><b data-path-to-node="18" data-index-in-node="0">DIRITTO DI ACCESSO</b> È il diritto di ottenere dal titolare del trattamento la conferma che sia o meno in corso un trattamento di dati personali che lo riguardano e, in tal caso, il diritto di accesso ai dati personali e alle seguenti informazioni: le finalità del trattamento, le categorie di dati personali in questione, i destinatari o le categorie di destinatari a cui i dati personali sono stati o saranno comunicati, il periodo di conservazione o i criteri utilizzati per determinarlo, l&#8217;esistenza del diritto di richiedere al titolare la rettifica o la cancellazione dei dati o la limitazione del trattamento o di opporsi ad esso, il diritto di proporre reclamo all&#8217;Agenzia Spagnola per la Protezione dei Dati (AEPD), l&#8217;esistenza di processi decisionali automatizzati (compresa la profilazione) e, in caso di trasferimento a paesi terzi, il diritto di essere informato delle garanzie adeguate.</p>
<p style="padding-left: 40px;" data-path-to-node="19"><b data-path-to-node="19" data-index-in-node="0">DIRITTO DI RETTIFICA</b> È il diritto di richiedere la rettifica dei propri dati personali se inesatti, compreso il diritto di integrare i dati incompleti. Fornendoci i dati, garantisce che siano veritieri ed esatti e si impegna a notificare qualsiasi modifica. Qualsiasi danno causato dalla comunicazione di informazioni errate o incomplete nei moduli web sarà di esclusiva responsabilità dell&#8217;interessato.</p>
<p style="padding-left: 40px;" data-path-to-node="20"><b data-path-to-node="20" data-index-in-node="0">DIRITTO DI CANCELLAZIONE</b> È il diritto di richiedere la cancellazione dei propri dati personali quando non sono più necessari per le finalità per le quali sono stati raccolti, o se viene revocato il consenso. Non si procederà alla cancellazione quando il trattamento sia necessario per l&#8217;adempimento di obblighi di legge o per la difesa di reclami.</p>
<p style="padding-left: 40px;" data-path-to-node="21"><b data-path-to-node="21" data-index-in-node="0">DIRITTO DI LIMITAZIONE</b> È il diritto di richiedere la limitazione del trattamento dei dati, il che comporta la possibilità di chiederci di sospendere temporaneamente il trattamento o di conservarli oltre il tempo necessario qualora l&#8217;interessato ne abbia bisogno.</p>
<p style="padding-left: 40px;" data-path-to-node="22"><b data-path-to-node="22" data-index-in-node="0">DIRITTO DI REVOCARE IL CONSENSO</b> È il diritto di revocare in qualsiasi momento il consenso fornito selezionando &#8220;Ho letto e accetto l&#8217;informativa sulla privacy&#8221;. Questo non avrà effetto se il trattamento è necessario per obblighi legali, esecuzione di un contratto o difesa di reclami. La revoca non ha effetti retroattivi sulla liceità del trattamento precedente.</p>
<p style="padding-left: 40px;" data-path-to-node="23"><b data-path-to-node="23" data-index-in-node="0">DIRITTO ALLA PORTABILITÀ</b> È il diritto di ricevere i dati forniti in un formato strutturato, di uso comune e leggibile da dispositivo automatico, e di trasmetterli a un altro titolare, purché il trattamento si basi sul consenso e sia effettuato con mezzi automatizzati.</p>
<p style="padding-left: 40px;" data-path-to-node="24"><b data-path-to-node="24" data-index-in-node="0">DIRITTO DI OPPOSIZIONE</b> È il diritto di opporsi al trattamento basato sul nostro legittimo interesse. Cesseremo il trattamento a meno che non si dimostrino motivi legittimi cogenti che prevalgono sugli interessi dell&#8217;interessato o per la difesa di reclami.</p>
<p style="padding-left: 40px;" data-path-to-node="25"><b data-path-to-node="25" data-index-in-node="0">DIRITTO DI PROPORRE RECLAMO A UN&#8217;AUTORITÀ DI CONTROLLO</b> Se ritiene che i dati siano trattati in modo errato, può contattarci o presentare un reclamo all&#8217;Agenzia Spagnola per la Protezione dei Dati (AEPD): <a class="ng-star-inserted" href="https://www.agpd.es/" target="_blank" rel="noopener">https://www.agpd.es/</a></p>
<p style="padding-left: 40px;" data-path-to-node="26"><b data-path-to-node="26" data-index-in-node="0">ESERCIZIO DEI DIRITTI</b> Può esercitare i suoi diritti tramite lettera all&#8217;indirizzo postale sopra indicato o via e-mail a contactar@irema.org, allegando copia del proprio NIF/NIE/Passaporto o documento analogo.</p>
<h3 data-path-to-node="28">V.- TRATTAMENTI DI DATI PERSONALI.</h3>
<p style="padding-left: 40px;" data-path-to-node="29"><b data-path-to-node="29" data-index-in-node="0">DISPOSIZIONI GENERICHE</b> I dati richiesti sono adeguati, pertinenti e limitati a quanto necessario (minimizzazione dei dati). La mancata fornitura dei dati strettamente necessari comporterà l&#8217;impossibilità di prestare il servizio. Le comunicazioni dei dati previste sono necessarie per l&#8217;esecuzione di un contratto o per obblighi di legge.</p>
<p style="padding-left: 40px;" data-path-to-node="30"><b data-path-to-node="30" data-index-in-node="0">MODULO DI CONTATTO</b> I dati saranno trattati per gestire richieste di informazioni, suggerimenti e reclami.</p>
<ul>
<li style="list-style-type: none;">
<ul data-path-to-node="31">
<li>
<p data-path-to-node="31,0,0"><b data-path-to-node="31,0,0" data-index-in-node="0">Base legale:</b> Consenso espresso (&#8220;Ho letto e accetto l&#8217;informativa sulla privacy&#8221;).</p>
</li>
<li>
<p data-path-to-node="31,1,0"><b data-path-to-node="31,1,0" data-index-in-node="0">Conservazione:</b> Due anni dal termine del trattamento, salvo esercizio dei diritti.</p>
</li>
</ul>
</li>
</ul>
<p style="padding-left: 40px;" data-path-to-node="32"><b data-path-to-node="32" data-index-in-node="0">MODULO CURRICULUM</b> I dati saranno trattati per gestire il processo di selezione aziendale.</p>
<ul>
<li style="list-style-type: none;">
<ul data-path-to-node="33">
<li>
<p data-path-to-node="33,0,0"><b data-path-to-node="33,0,0" data-index-in-node="0">Base legale:</b> Consenso espresso (&#8220;Ho letto e accetto l&#8217;informativa sulla privacy&#8221;).</p>
</li>
<li>
<p data-path-to-node="33,1,0"><b data-path-to-node="33,1,0" data-index-in-node="0">Conservazione:</b> Due anni dal termine del trattamento, salvo esercizio dei diritti.</p>
</li>
</ul>
</li>
</ul>

<p>INFORMATIVA SULLA PRIVACY La presente informativa sulla privacy è conforme al Regolamento (UE) 2016/679 del Parlamento Europeo e del Consiglio, del 27 aprile 2016, relativo alla protezione delle persone fisiche con riguardo al trattamento dei dati personali e alla libera circolazione di tali dati (GDPR), alla Legge Organica 3/2018, del 5 dicembre, sulla Protezione dei [&hellip;]</p>
